 and 85?
5
Let o = 20 + -20. Suppose o = -k + 27 - 31. Let w be (2 + (-22)/k)*24/9. Calculate the highest common divisor of w and 10.
10
Let w = -1144 + 2054. Let y be ((-8)/24)/((-78)/16380). What is the greatest common divisor of y and w?
70
Let m be 448/(-3) + 2 - (-73)/219. Let d be (-34349)/m + (-8)/(-6). Calculate the highest common factor of 5 and d.
5
Let v be -4*((-45)/(-4))/(-5). What is the highest common factor of v and 729?
9
Let w(k) = -k + 18. Let c be w(-14). Suppose 9 = -0*v + v. Suppose -6*r - v + 33 = 0. What is the greatest common divisor of r and c?
4
Let r(c) = 15*c**2 + 76*c + 116. Let j be r(-5). Calculate the greatest common factor of 41736 and j.
111
Let x(p) = p**3 - 9*p**2 + 2. Let z be x(9). Let i(r) = r + 3*r + 8*r**2 + 2*r**z - 4 - 2*r. Let h be i(-3). What is the greatest common divisor of 16 and h?
16
Let p be ((-46)/3)/(8/216). Let s = p + 546. Calculate the highest common factor of s and 594.
66
Let n(s) = 9*s + 71. Let a be n(-7). Let b be (360 + 5)*(576/20)/a. Calculate the highest common factor of b and 18.
18
Suppose -19264 = -4*a - 141*k + 139*k, 3*a = 5*k + 14487. Calculate the highest common divisor of a and 61.
61
Let z(q) = -2*q**3 - 4*q**2 + q - 10. Let s = -2 + -2. Let g be z(s). Suppose 161*j = 163*j - 20. Calculate the greatest common factor of g and j.
10
Suppose -528 = -24*s + 20*s. Suppose -s + 678 = 3*o. What is the greatest common factor of o and 28?
14
Let v = 7829 - -10637. What is the highest common factor of 14 and v?
14
Suppose -u - 4*m + 688 = -170, -8 = 4*m. Let v = u - 791. Calculate the highest common divisor of 15 and v.
15
Let h(c) = -c**3 - 14*c**2 - 12*c + 84. Let s be h(0). Calculate the highest common factor of s and 3220.
28
Suppose 84 = 2*p + 2*x, -3*p - 58 = 5*x - 196. Let b(g) = g**3 - 12*g**2 + 13*g - 10. Let l be b(11). Calculate the highest common factor of l and p.
12
Let i = -155 + 171. Suppose -30*v = 364 - 2044. Calculate the greatest common divisor of v and i.
8
Suppose -1838 = -16*c + 13*c - 5*o, -5*o = -3*c + 1858. Calculate the greatest common factor of 1056 and c.
88
Suppose 7*d + 1348 + 3521 = 31210. Calculate the highest common factor of d and 106.
53
Let f(q) = 848*q - 1695. Let s be f(2). What is the greatest common divisor of s and 5282?
1
Suppose 28*y - 1327 - 521 = 0. Let m be (4/3)/((-62)/(-837)). Calculate the greatest common factor of y and m.
6
Let p(g) = 4*g**2 + 24*g + 12. Let z be p(-7). Let f be (-45)/6*54/(-15). Let c = f - 19. What is the greatest common factor of z and c?
8
Let b be -1*((-27)/3 - -5). Suppose 0*h + b*h + 217 = 3*j, -4*j + 4*h + 292 = 0. Calculate the greatest common divisor of j and 30.
15
Let i be 74/12 + (282/36)/(-47). Let n be 742/6 + 12/36. Suppose -i*s + n = -2*s. What is the greatest common divisor of 31 and s?
31
Let q(o) = -4*o**2 + o + 1. Let v be q(-2). Let r = -4 - v. Let f = 48079 - 48027. Calculate the highest common factor of r and f.
13
Let w(v) be the first derivative of v**3/3 - 8*v**2 + 26*v + 15. Let a be w(0). Calculate the greatest common divisor of 494 and a.
26
Suppose 2*u = -39*t + 8*t + 57, -3*t + 68 = 5*u. Calculate the highest common divisor of 23179 and u.
13
Let x be 28 + -38 + (-2 - -15). Let g(m) = 0*m**2 - 1 + 4*m**2 + 7 + m. Let u be g(x). Calculate the greatest common divisor of 5 and u.
5
Suppose -2*g + 100*k + 24 = 97*k, -g + 12 = 3*k. Calculate the highest common factor of g and 150.
6
Let r = 8492 + -6931. Calculate the greatest common factor of r and 7.
7
Suppose 5*p = 14*d - 12*d + 50, 12 = -p - 4*d. Let x(s) = -3*s**3 + 24*s**2 + 4*s. Let n be x(p). What is the greatest common divisor of n and 96?
32
Let y = 42 - 31. Suppose 0 = 18*m - y*m - 1092. Calculate the greatest common factor of m and 24.
12
Let l be (8/2)/((-1)/6*24/(-32)). What is the highest common factor of l and 2608?
16
Let o(f) = -12*f - 12. Let h be o(10). Let i be (-706)/8 - -1 - (-339)/(-452). Let z = i - h. Calculate the highest common factor of z and 11.
11
Let m(q) = 5*q**2 - 1. Let l be m(-1). Suppose l*z - 9 = -0*f - 3*f, 3*f - 9 = 0. Let o = z + 35. Calculate the greatest common factor of o and 105.
35
Suppose 2*r = 4*c - 118, 3*r - c - 53 = 4*r. Let g = 1984 + r. Suppose -5*a + g = 4*u, 4*a + a - 1928 = -3*u. What is the greatest common factor of a and 35?
35
Let b be 70/(8 + 59/(-8)). What is the highest common divisor of 20 and b?
4
Let a be (0 + 0)*(-2)/4 + 2. Suppose -2*m - a = 2*j, 7 = -3*m + j - 5*j. Suppose g = -m*n + 2*g + 82, g = 2. Calculate the highest common factor of 112 and n.
28
Let q be ((-2)/8)/(7/(-6300)). Calculate the highest common factor of q and 1200.
75
Suppose 19251*b + 126 = 19265*b. Calculate the greatest common divisor of 3114 and b.
9
Suppose -5 = 3*w - 11. Let k be 0 - w - (-42 - 9). What is the highest common factor of k and 14?
7
Let u(s) = s**3 + 10*s**2 + 8*s - 8. Let c be u(-9). Let i(m) = m**2 - 35. Let v be i(-6). Let o be v*(-27)/6*-2. What is the highest common divisor of c and o?
1
Suppose -33*g + 27547 = -20*g - 23777. What is the highest common factor of g and 210?
42
Suppose 114*g - 65*g - 3920 = 0. What is the highest common factor of 1056 and g?
16
Suppose 476 = 4*h - 4*v, -5*v + v = -h + 125. Suppose -h = -4*r - 4*j + 43, -4*r + 160 = -2*j. What is the highest common factor of 8 and r?
8
Let i(s) = -12*s + 374. Let c be i(31). Suppose -5*v + v = -c*o + 152, o - v - 78 = 0. What is the highest common factor of 880 and o?
80
Let y = -271 - -162. Let f = y - -112. What is the highest common divisor of f and 129?
3
Let n = -25543 - -37335. Suppose -47*p - n = -58*p. What is the highest common factor of 16 and p?
16
Suppose 3*f + 5*l = -16 + 21, -3*l + 5 = 2*f. Calculate the highest common factor of 3490 and f.
10
Suppose 3*t - 11626 = -4*g, 14*t - 12*t + 4*g - 7748 = 0. Calculate the highest common factor of 14 and t.
14
Suppose -12*u = u - 78. Let i be u + (-1)/(5/(-970)). Calculate the greatest common divisor of 120 and i.
40
Let n = 60 - 60. Let p(y) = -9*y + 58. Let d be p(n). Suppose -t = -d - 52. What is the highest common divisor of 165 and t?
55
Let n be (-3)/24 - (-3 - 1494/48). What is the highest common factor of 799 and n?
17
Let v be ((-70)/(-24) + -3)*2 + 4393/6. What is the greatest common divisor of 1952 and v?
244
Let v(p) = 5*p - 3. Let g be v(1). Suppose -c + g*c = 2*c. Suppose -2*b + 2*y + y + 578 = c, b - 2*y - 290 = 0. Calculate the highest common factor of 26 and b.
26
Suppose k + 32 = 3*k - 5*y, -94 = -13*k + 4*y. Calculate the greatest common factor of 3018 and k.
6
Suppose -3360 - 8541 = -158*i + 7691. Let f be (-1 + -1)*-1 + 2. Calculate the greatest common divisor of f and i.
4
Let g be (34/5)/((-2)/(-25)). Suppose -2*v = 4*l - 36, -g = 3*v - 8*v - 5*l. Calculate the greatest common divisor of v and 56.
8
Suppose -i - i + 32 = 0. Suppose -o = 19 - i. Let d be ((-5)/o)/((-6)/(-252)). Calculate the highest common divisor of 56 and d.
14
Let s be (-14)/(-4 - 81/(-21)). Let r = s + -87. Suppose 0*a - r*a + 132 = 0. What is the greatest common factor of a and 96?
12
Let r be (-1 - -1)/(67 - 69). Suppose -3*b - d + 46 = -8, 3*b + 4*d - 63 = r. What is the highest common factor of 1377 and b?
17
Let v(d) = d**2 - 15*d - 21. Let t be v(15). Let u(w) = -5*w**2 - 104*w + 25. Let f be u(t). Calculate the greatest common factor of f and 524.
4
Let z(n) = 33*n - 2389. Let t be z(77). Calculate the highest common divisor of 6346 and t.
38
Suppose -81 = 5*g - 261. Let s = 40 - g. Suppose -s*z = 8, 2*z + 115 = 5*i - 39. What is the greatest common divisor of i and 50?
10
Let m = -120 - -121. Let i be (m - 2) + 4*(-102)/(-24). Let f(h) = 10*h + 8. Let k be f(4). What is the greatest common factor of k and i?
16
Suppose -5*n = 4*g + 13, 5*n + 2 = -3*g - 14. Let r be ((-213)/(-284))/(25/8 + -3). What is the highest common factor of g and r?
3
Let d(r) = -22*r + 1095. Let v be d(24). Calculate the greatest common factor of 119 and v.
7
Let u(o) = -220*o - 7775. Let d be u(-38). Calculate the greatest common divisor of d and 255.
15
Let m be 1188 + 1 - 22/(-22). Suppose m = -15*l + 140. Let x = l - -112. What is the highest common divisor of x and 70?
14
Suppose 4*g - 104*g + 704 = -12*g. Calculate the greatest common factor of g and 1290.
2
Let v be 0 - -9 